Last updated on 2025-01-19 05:49:07 CET.
Flavor | Version | Tinstall | Tcheck | Ttotal | Status | Flags |
---|---|---|---|---|---|---|
r-devel-linux-x86_64-debian-clang | 1.1.0 | 24.57 | 36.77 | 61.34 | OK | |
r-devel-linux-x86_64-debian-gcc | 1.1.0 | 20.09 | 28.40 | 48.49 | OK | |
r-devel-linux-x86_64-fedora-clang | 1.1.0 | 105.21 | OK | |||
r-devel-linux-x86_64-fedora-gcc | 1.1.0 | 116.84 | OK | |||
r-devel-windows-x86_64 | 1.1.0 | 24.00 | 73.00 | 97.00 | OK | |
r-patched-linux-x86_64 | 1.1.0 | 25.90 | 36.65 | 62.55 | OK | |
r-release-linux-x86_64 | 1.1.0 | 27.37 | 36.77 | 64.14 | OK | |
r-release-macos-arm64 | 1.1.0 | 37.00 | NOTE | |||
r-release-macos-x86_64 | 1.1.0 | 50.00 | NOTE | |||
r-release-windows-x86_64 | 1.1.0 | 25.00 | 74.00 | 99.00 | OK | |
r-oldrel-macos-arm64 | 1.1.0 | 39.00 | NOTE | |||
r-oldrel-macos-x86_64 | 1.1.0 | 99.00 | NOTE | |||
r-oldrel-windows-x86_64 | 1.1.0 | 29.00 | 86.00 | 115.00 | OK |
Version: 1.1.0
Check: installed package size
Result: NOTE
installed size is 13.2Mb
sub-directories of 1Mb or more:
libs 13.1Mb
Flavors: r-release-macos-arm64, r-release-macos-x86_64, r-oldrel-macos-arm64, r-oldrel-macos-x86_64