Last updated on 2025-01-19 05:49:07 CET.
Flavor | Version | Tinstall | Tcheck | Ttotal | Status | Flags |
---|---|---|---|---|---|---|
r-devel-linux-x86_64-debian-clang | 1.1 | 10.93 | 82.06 | 92.99 | WARN | |
r-devel-linux-x86_64-debian-gcc | 1.1 | 7.31 | 58.88 | 66.19 | WARN | |
r-devel-linux-x86_64-fedora-clang | 1.1 | 149.47 | WARN | |||
r-devel-linux-x86_64-fedora-gcc | 1.1 | 152.77 | WARN | |||
r-devel-windows-x86_64 | 1.1 | 11.00 | 88.00 | 99.00 | WARN | |
r-patched-linux-x86_64 | 1.1 | 10.22 | 78.03 | 88.25 | OK | |
r-release-linux-x86_64 | 1.1 | 9.56 | 77.68 | 87.24 | OK | |
r-release-macos-arm64 | 1.1 | 41.00 | OK | |||
r-release-macos-x86_64 | 1.1 | 63.00 | OK | |||
r-release-windows-x86_64 | 1.1 | 10.00 | 88.00 | 98.00 | OK | |
r-oldrel-macos-arm64 | 1.1 | 43.00 | OK | |||
r-oldrel-macos-x86_64 | 1.1 | 75.00 | OK | |||
r-oldrel-windows-x86_64 | 1.1 | 12.00 | 109.00 | 121.00 | OK |
Version: 1.1
Check: S3 generic/method consistency
Result: WARN
Warning in body(fun) : argument is not a function
See section ‘Generic functions and methods’ in the ‘Writing R
Extensions’ manual.
Flavors: r-devel-linux-x86_64-debian-clang, r-devel-linux-x86_64-debian-gcc, r-devel-linux-x86_64-fedora-clang, r-devel-linux-x86_64-fedora-gcc, r-devel-windows-x86_64