CRAN Package Check Results for Package DarkDiv

Last updated on 2025-01-19 05:49:06 CET.

Flavor Version Tinstall Tcheck Ttotal Status Flags
r-devel-linux-x86_64-debian-clang 0.3.0 7.03 51.44 58.47 OK
r-devel-linux-x86_64-debian-gcc 0.3.0 5.11 38.35 43.46 OK
r-devel-linux-x86_64-fedora-clang 0.3.0 90.59 OK
r-devel-linux-x86_64-fedora-gcc 0.3.0 87.78 OK
r-devel-windows-x86_64 0.3.0 6.00 64.00 70.00 OK
r-patched-linux-x86_64 0.3.0 6.45 47.91 54.36 NOTE
r-release-linux-x86_64 0.3.0 5.89 47.62 53.51 NOTE
r-release-macos-arm64 0.3.0 28.00 NOTE
r-release-macos-x86_64 0.3.0 42.00 NOTE
r-release-windows-x86_64 0.3.0 8.00 61.00 69.00 NOTE
r-oldrel-macos-arm64 0.3.0 33.00 NOTE
r-oldrel-macos-x86_64 0.3.0 49.00 NOTE
r-oldrel-windows-x86_64 0.3.0 9.00 75.00 84.00 NOTE

Check Details

Version: 0.3.0
Check: LazyData
Result: NOTE 'LazyData' is specified without a 'data' directory Flavors: r-patched-linux-x86_64, r-release-linux-x86_64, r-release-macos-arm64, r-release-macos-x86_64, r-release-windows-x86_64, r-oldrel-macos-arm64, r-oldrel-macos-x86_64, r-oldrel-windows-x86_64