Last updated on 2024-04-17 13:57:25 CEST.
Flavor | Version | Tinstall | Tcheck | Ttotal | Status | Flags |
---|---|---|---|---|---|---|
r-devel-linux-x86_64-debian-clang | 1.2.14 | 82.27 | 28.14 | 110.41 | OK | |
r-devel-linux-x86_64-debian-gcc | 1.2.14 | 73.33 | 21.14 | 94.47 | OK | |
r-devel-linux-x86_64-fedora-clang | 1.2.14 | 189.58 | OK | |||
r-devel-linux-x86_64-fedora-gcc | 1.2.14 | 178.18 | OK | |||
r-prerel-macos-arm64 | 1.2.14 | 38.00 | NOTE | |||
r-prerel-windows-x86_64 | 1.2.14 | 76.00 | 80.00 | 156.00 | OK | |
r-patched-linux-x86_64 | 1.2.14 | 94.98 | 25.94 | 120.92 | OK | |
r-release-linux-x86_64 | 1.2.14 | 90.76 | 27.32 | 118.08 | OK | |
r-release-macos-arm64 | 1.2.14 | 48.00 | NOTE | |||
r-release-macos-x86_64 | 1.2.14 | 72.00 | NOTE | |||
r-release-windows-x86_64 | 1.2.14 | 73.00 | 80.00 | 153.00 | OK | |
r-oldrel-macos-arm64 | 1.2.14 | 42.00 | NOTE | |||
r-oldrel-windows-x86_64 | 1.2.14 | 81.00 | 76.00 | 157.00 | OK |
Version: 1.2.14
Check: installed package size
Result: NOTE
installed size is 7.3Mb
sub-directories of 1Mb or more:
libs 7.2Mb
Flavors: r-prerel-macos-arm64, r-release-macos-arm64, r-release-macos-x86_64, r-oldrel-macos-arm64