CRAN Package Check Results for Package DatabionicSwarm

Last updated on 2020-07-09 12:48:02 CEST.

Flavor Version Tinstall Tcheck Ttotal Status Flags
r-devel-linux-x86_64-debian-clang 1.1.3 148.24 131.98 280.22 OK
r-devel-linux-x86_64-debian-gcc 1.1.3 110.52 100.24 210.76 OK
r-devel-linux-x86_64-fedora-clang 1.1.3 378.82 NOTE
r-devel-linux-x86_64-fedora-gcc 1.1.3 353.34 OK
r-devel-windows-ix86+x86_64 1.1.3 309.00 201.00 510.00 NOTE
r-patched-linux-x86_64 1.1.3 113.53 126.61 240.14 OK
r-patched-solaris-x86 1.1.3 311.00 OK
r-release-linux-x86_64 1.1.3 115.53 134.67 250.20 OK
r-release-osx-x86_64 1.1.3 NOTE
r-release-windows-ix86+x86_64 1.1.3 274.00 206.00 480.00 NOTE
r-oldrel-osx-x86_64 1.1.3 NOTE
r-oldrel-windows-ix86+x86_64 1.1.3 342.00 272.00 614.00 NOTE

Check Details

Version: 1.1.3
Check: installed package size
Result: NOTE
     installed size is 8.2Mb
     sub-directories of 1Mb or more:
     doc 3.4Mb
     libs 4.5Mb
Flavors: r-devel-linux-x86_64-fedora-clang, r-devel-windows-ix86+x86_64, r-release-osx-x86_64, r-release-windows-ix86+x86_64, r-oldrel-osx-x86_64, r-oldrel-windows-ix86+x86_64