CRAN Package Check Results for Package DatabionicSwarm

Last updated on 2019-11-21 12:48:26 CET.

Flavor Version Tinstall Tcheck Ttotal Status Flags
r-devel-linux-x86_64-debian-clang 1.1.1 134.83 125.13 259.96 OK
r-devel-linux-x86_64-debian-gcc 1.1.1 96.54 87.57 184.11 OK
r-devel-linux-x86_64-fedora-clang 1.1.1 349.30 NOTE
r-devel-linux-x86_64-fedora-gcc 1.1.1 336.32 OK
r-devel-windows-ix86+x86_64 1.1.1 370.00 309.00 679.00 OK
r-devel-windows-ix86+x86_64-gcc8 1.1.1 306.00 269.00 575.00 NOTE
r-patched-linux-x86_64 1.1.1 105.73 119.00 224.73 OK
r-patched-solaris-x86 1.1.1 289.30 OK
r-release-linux-x86_64 1.1.1 109.17 117.83 227.00 OK
r-release-windows-ix86+x86_64 1.1.1 341.00 320.00 661.00 OK
r-release-osx-x86_64 1.1.1 NOTE
r-oldrel-windows-ix86+x86_64 1.1.1 248.00 227.00 475.00 OK
r-oldrel-osx-x86_64 1.1.1 NOTE

Check Details

Version: 1.1.1
Check: installed package size
Result: NOTE
     installed size is 6.6Mb
     sub-directories of 1Mb or more:
     doc 2.5Mb
     libs 3.8Mb
Flavors: r-devel-linux-x86_64-fedora-clang, r-devel-windows-ix86+x86_64-gcc8, r-release-osx-x86_64, r-oldrel-osx-x86_64