Last updated on 2025-01-19 05:49:06 CET.
Flavor | Version | Tinstall | Tcheck | Ttotal | Status | Flags |
---|---|---|---|---|---|---|
r-devel-linux-x86_64-debian-clang | 2.0.4 | 17.24 | 29.04 | 46.28 | OK | |
r-devel-linux-x86_64-debian-gcc | 2.0.4 | 11.61 | 22.15 | 33.76 | OK | |
r-devel-linux-x86_64-fedora-clang | 2.0.4 | 75.12 | NOTE | |||
r-devel-linux-x86_64-fedora-gcc | 2.0.4 | 70.43 | NOTE | |||
r-devel-windows-x86_64 | 2.0.4 | 16.00 | 53.00 | 69.00 | OK | |
r-patched-linux-x86_64 | 2.0.4 | 17.92 | 27.57 | 45.49 | OK | |
r-release-linux-x86_64 | 2.0.4 | 15.43 | 27.33 | 42.76 | OK | |
r-release-macos-arm64 | 2.0.4 | 32.00 | OK | |||
r-release-macos-x86_64 | 2.0.4 | 41.00 | OK | |||
r-release-windows-x86_64 | 2.0.4 | 17.00 | 54.00 | 71.00 | OK | |
r-oldrel-macos-arm64 | 2.0.4 | 32.00 | OK | |||
r-oldrel-macos-x86_64 | 2.0.4 | 53.00 | OK | |||
r-oldrel-windows-x86_64 | 2.0.4 | 19.00 | 56.00 | 75.00 | OK |
Version: 2.0.4
Check: dependencies in R code
Result: NOTE
Namespaces in Imports field not imported from:
‘jsonlite’ ‘methods’
All declared Imports should be used.
Flavors: r-devel-linux-x86_64-fedora-clang, r-devel-linux-x86_64-fedora-gcc