Last updated on 2025-01-19 05:49:06 CET.
Flavor | Version | Tinstall | Tcheck | Ttotal | Status | Flags |
---|---|---|---|---|---|---|
r-devel-linux-x86_64-debian-clang | 0.7-9 | 20.62 | 146.15 | 166.77 | NOTE | |
r-devel-linux-x86_64-debian-gcc | 0.7-9 | 13.83 | 100.23 | 114.06 | NOTE | |
r-devel-linux-x86_64-fedora-clang | 0.7-9 | 248.96 | OK | |||
r-devel-linux-x86_64-fedora-gcc | 0.7-9 | 229.48 | OK | |||
r-devel-windows-x86_64 | 0.7-9 | 21.00 | 152.00 | 173.00 | NOTE | |
r-patched-linux-x86_64 | 0.7-9 | 26.18 | 134.68 | 160.86 | OK | |
r-release-linux-x86_64 | 0.7-9 | 19.16 | 135.31 | 154.47 | OK | |
r-release-macos-arm64 | 0.7-9 | 66.00 | OK | |||
r-release-macos-x86_64 | 0.7-9 | 95.00 | OK | |||
r-release-windows-x86_64 | 0.7-9 | 19.00 | 147.00 | 166.00 | OK | |
r-oldrel-macos-arm64 | 0.7-9 | 71.00 | OK | |||
r-oldrel-macos-x86_64 | 0.7-9 | 118.00 | OK | |||
r-oldrel-windows-x86_64 | 0.7-9 | 25.00 | 181.00 | 206.00 | OK |
Version: 0.7-9
Check: Rd cross-references
Result: NOTE
Found the following Rd file(s) with Rd \link{} targets missing package
anchors:
recode.variables.Rd: recode
Please provide package anchors for all Rd \link{} targets not in the
package itself and the base packages.
Flavors: r-devel-linux-x86_64-debian-clang, r-devel-linux-x86_64-debian-gcc, r-devel-windows-x86_64