Last updated on 2024-04-24 19:55:05 CEST.
Flavor | Version | Tinstall | Tcheck | Ttotal | Status | Flags |
---|---|---|---|---|---|---|
r-devel-linux-x86_64-debian-clang | 0.1.4 | 7.18 | 114.25 | 121.43 | NOTE | |
r-devel-linux-x86_64-debian-gcc | 0.1.4 | 4.72 | 85.76 | 90.48 | NOTE | |
r-devel-linux-x86_64-fedora-clang | 0.1.4 | 154.06 | NOTE | |||
r-devel-linux-x86_64-fedora-gcc | 0.1.4 | 139.68 | NOTE | |||
r-devel-windows-x86_64 | 0.1.4 | 8.00 | 114.00 | 122.00 | NOTE | |
r-patched-linux-x86_64 | 0.1.4 | 6.48 | 107.20 | 113.68 | NOTE | |
r-release-linux-x86_64 | 0.1.4 | 6.01 | 107.83 | 113.84 | OK | |
r-release-macos-arm64 | 0.1.4 | 63.00 | OK | |||
r-release-windows-x86_64 | 0.1.4 | 8.00 | 114.00 | 122.00 | NOTE | |
r-oldrel-macos-arm64 | 0.1.4 | 82.00 | OK | |||
r-oldrel-macos-x86_64 | 0.1.4 | 96.00 | OK | |||
r-oldrel-windows-x86_64 | 0.1.4 | 11.00 | 125.00 | 136.00 | OK |
Version: 0.1.4
Check: Rd files
Result: NOTE
checkRd: (-1) conifersIP.Rd:9: Lost braces; missing escapes or markup?
9 | \code{conifersIP} {has following variables:}
| ^
checkRd: (-1) conifersIP.Rd:11: Lost braces in \itemize; meant \describe ?
checkRd: (-1) conifersIP.Rd:12: Lost braces in \itemize; meant \describe ?
checkRd: (-1) conifersIP.Rd:13: Lost braces in \itemize; meant \describe ?
checkRd: (-1) conifersIP.Rd:14: Lost braces in \itemize; meant \describe ?
checkRd: (-1) conifersIP.Rd:15: Lost braces in \itemize; meant \describe ?
checkRd: (-1) sync.Rd:22: Lost braces in \itemize; \value handles \item{}{} directly
checkRd: (-1) sync.Rd:23: Lost braces in \itemize; \value handles \item{}{} directly
checkRd: (-1) sync.Rd:24: Lost braces in \itemize; \value handles \item{}{} directly
checkRd: (-1) sync.Rd:25: Lost braces in \itemize; \value handles \item{}{} directly
checkRd: (-1) sync.Rd:26: Lost braces in \itemize; \value handles \item{}{} directly
checkRd: (-1) sync.Rd:27: Lost braces in \itemize; \value handles \item{}{} directly
checkRd: (-1) sync.Rd:28: Lost braces in \itemize; \value handles \item{}{} directly
Flavors: r-devel-linux-x86_64-debian-clang, r-devel-linux-x86_64-debian-gcc, r-devel-linux-x86_64-fedora-clang, r-devel-linux-x86_64-fedora-gcc, r-devel-windows-x86_64, r-patched-linux-x86_64, r-release-windows-x86_64