Last updated on 2025-01-19 05:49:06 CET.
Flavor | Version | Tinstall | Tcheck | Ttotal | Status | Flags |
---|---|---|---|---|---|---|
r-devel-linux-x86_64-debian-clang | 1.2.1 | 3.15 | 233.47 | 236.62 | OK | |
r-devel-linux-x86_64-debian-gcc | 1.2.1 | 2.34 | 140.49 | 142.83 | OK | |
r-devel-linux-x86_64-fedora-clang | 1.2.1 | 386.70 | OK | |||
r-devel-linux-x86_64-fedora-gcc | 1.2.1 | 383.54 | OK | |||
r-devel-windows-x86_64 | 1.2.1 | 7.00 | 225.00 | 232.00 | OK | |
r-patched-linux-x86_64 | 1.2.1 | 3.53 | 218.53 | 222.06 | OK | |
r-release-linux-x86_64 | 1.2.1 | 3.01 | 218.04 | 221.05 | OK | |
r-release-macos-arm64 | 1.2.1 | 86.00 | NOTE | |||
r-release-macos-x86_64 | 1.2.1 | 154.00 | NOTE | |||
r-release-windows-x86_64 | 1.2.1 | 7.00 | 231.00 | 238.00 | NOTE | |
r-oldrel-macos-arm64 | 1.2.1 | 100.00 | NOTE | |||
r-oldrel-macos-x86_64 | 1.2.1 | 358.00 | NOTE | |||
r-oldrel-windows-x86_64 | 1.2.1 | 7.00 | 264.00 | 271.00 | NOTE |
Version: 1.2.1
Check: installed package size
Result: NOTE
installed size is 7.1Mb
sub-directories of 1Mb or more:
doc 4.8Mb
extdata 2.1Mb
Flavors: r-release-macos-arm64, r-release-macos-x86_64, r-release-windows-x86_64, r-oldrel-macos-arm64, r-oldrel-macos-x86_64, r-oldrel-windows-x86_64