CRAN Package Check Results for Package DescTools

Last updated on 2025-01-19 05:49:06 CET.

Flavor Version Tinstall Tcheck Ttotal Status Flags
r-devel-linux-x86_64-debian-clang 0.99.58 88.70 345.24 433.94 OK
r-devel-linux-x86_64-debian-gcc 0.99.58 57.15 217.48 274.63 OK
r-devel-linux-x86_64-fedora-clang 0.99.58 703.35 OK
r-devel-linux-x86_64-fedora-gcc 0.99.58 730.19 OK
r-devel-windows-x86_64 0.99.58 86.00 444.00 530.00 OK
r-patched-linux-x86_64 0.99.58 96.75 319.17 415.92 NOTE
r-release-linux-x86_64 0.99.58 82.31 321.46 403.77 NOTE
r-release-macos-arm64 0.99.58 161.00 NOTE
r-release-macos-x86_64 0.99.58 223.00 NOTE
r-release-windows-x86_64 0.99.58 90.00 435.00 525.00 NOTE
r-oldrel-macos-arm64 0.99.58 166.00 NOTE
r-oldrel-macos-x86_64 0.99.58 269.00 NOTE
r-oldrel-windows-x86_64 0.99.58 115.00 557.00 672.00 NOTE

Check Details

Version: 0.99.58
Check: package dependencies
Result: NOTE Package suggested but not available for checking: ‘RDCOMClient’ Flavors: r-patched-linux-x86_64, r-release-linux-x86_64, r-release-macos-arm64, r-release-macos-x86_64, r-release-windows-x86_64, r-oldrel-macos-arm64, r-oldrel-macos-x86_64, r-oldrel-windows-x86_64

Version: 0.99.58
Check: installed package size
Result: NOTE installed size is 9.6Mb sub-directories of 1Mb or more: R 2.0Mb doc 1.8Mb help 1.6Mb libs 3.6Mb Flavors: r-release-macos-arm64, r-release-macos-x86_64, r-release-windows-x86_64, r-oldrel-macos-arm64, r-oldrel-macos-x86_64, r-oldrel-windows-x86_64