CRAN Package Check Results for Package DetMCD

Last updated on 2025-01-19 05:49:06 CET.

Flavor Version Tinstall Tcheck Ttotal Status Flags
r-devel-linux-x86_64-debian-clang 0.0.5 35.77 23.05 58.82 OK
r-devel-linux-x86_64-debian-gcc 0.0.5 29.15 21.71 50.86 OK
r-devel-linux-x86_64-fedora-clang 0.0.5 97.02 OK
r-devel-linux-x86_64-fedora-gcc 0.0.5 116.53 OK
r-devel-windows-x86_64 0.0.5 35.00 53.00 88.00 OK
r-patched-linux-x86_64 0.0.5 36.84 26.02 62.86 OK
r-release-linux-x86_64 0.0.5 37.59 26.19 63.78 OK
r-release-macos-arm64 0.0.5 32.00 NOTE
r-release-macos-x86_64 0.0.5 74.00 NOTE
r-release-windows-x86_64 0.0.5 36.00 55.00 91.00 OK
r-oldrel-macos-arm64 0.0.5 36.00 NOTE
r-oldrel-macos-x86_64 0.0.5 46.00 NOTE
r-oldrel-windows-x86_64 0.0.5 40.00 72.00 112.00 OK

Check Details

Version: 0.0.5
Check: installed package size
Result: NOTE installed size is 17.9Mb sub-directories of 1Mb or more: libs 17.8Mb Flavors: r-release-macos-arm64, r-release-macos-x86_64, r-oldrel-macos-arm64, r-oldrel-macos-x86_64