Last updated on 2025-01-19 05:49:06 CET.
Flavor | Version | Tinstall | Tcheck | Ttotal | Status | Flags |
---|---|---|---|---|---|---|
r-devel-linux-x86_64-debian-clang | 0.0.5 | 44.17 | 31.93 | 76.10 | NOTE | |
r-devel-linux-x86_64-debian-gcc | 0.0.5 | 33.33 | 27.98 | 61.31 | NOTE | |
r-devel-linux-x86_64-fedora-clang | 0.0.5 | 132.37 | NOTE | |||
r-devel-linux-x86_64-fedora-gcc | 0.0.5 | 150.54 | NOTE | |||
r-devel-windows-x86_64 | 0.0.5 | 45.00 | 60.00 | 105.00 | NOTE | |
r-patched-linux-x86_64 | 0.0.5 | 48.12 | 35.13 | 83.25 | NOTE | |
r-release-linux-x86_64 | 0.0.5 | 48.46 | 35.07 | 83.53 | NOTE | |
r-release-macos-arm64 | 0.0.5 | 38.00 | NOTE | |||
r-release-macos-x86_64 | 0.0.5 | 57.00 | NOTE | |||
r-release-windows-x86_64 | 0.0.5 | 44.00 | 61.00 | 105.00 | NOTE | |
r-oldrel-macos-arm64 | 0.0.5 | 42.00 | NOTE | |||
r-oldrel-macos-x86_64 | 0.0.5 | 66.00 | NOTE | |||
r-oldrel-windows-x86_64 | 0.0.5 | 51.00 | 82.00 | 133.00 | NOTE |
Version: 0.0.5
Check: C++ specification
Result: NOTE
Specified C++11: please drop specification unless essential
Flavors: r-devel-linux-x86_64-debian-clang, r-devel-linux-x86_64-debian-gcc, r-devel-linux-x86_64-fedora-clang, r-devel-linux-x86_64-fedora-gcc, r-devel-windows-x86_64, r-patched-linux-x86_64, r-release-linux-x86_64, r-release-macos-arm64, r-release-macos-x86_64, r-release-windows-x86_64, r-oldrel-macos-arm64, r-oldrel-macos-x86_64, r-oldrel-windows-x86_64
Version: 0.0.5
Check: Rd cross-references
Result: NOTE
Found the following Rd file(s) with Rd \link{} targets missing package
anchors:
DetLTS.Rd: h.alpha.n
OGKCStep.Rd: h.alpha.n
Please provide package anchors for all Rd \link{} targets not in the
package itself and the base packages.
Flavors: r-devel-linux-x86_64-debian-clang, r-devel-linux-x86_64-debian-gcc, r-devel-windows-x86_64
Version: 0.0.5
Check: installed package size
Result: NOTE
installed size is 19.5Mb
sub-directories of 1Mb or more:
libs 18.7Mb
Flavors: r-release-macos-arm64, r-release-macos-x86_64, r-oldrel-macos-arm64, r-oldrel-macos-x86_64