Last updated on 2025-01-19 05:49:07 CET.
Flavor | Version | Tinstall | Tcheck | Ttotal | Status | Flags |
---|---|---|---|---|---|---|
r-devel-linux-x86_64-debian-clang | 3.1-0 | 7.47 | 53.69 | 61.16 | OK | |
r-devel-linux-x86_64-debian-gcc | 3.1-0 | 4.36 | 40.76 | 45.12 | OK | |
r-devel-linux-x86_64-fedora-clang | 3.1-0 | 84.80 | OK | |||
r-devel-linux-x86_64-fedora-gcc | 3.1-0 | 116.51 | OK | |||
r-devel-windows-x86_64 | 3.1-0 | 7.00 | 76.00 | 83.00 | OK | |
r-patched-linux-x86_64 | 3.1-0 | 7.48 | 49.60 | 57.08 | OK | |
r-release-linux-x86_64 | 3.1-0 | 6.19 | 48.32 | 54.51 | NOTE | |
r-release-macos-arm64 | 3.1-0 | 206.00 | OK | |||
r-release-macos-x86_64 | 3.1-0 | 231.00 | OK | |||
r-release-windows-x86_64 | 3.1-0 | 9.00 | 78.00 | 87.00 | OK | |
r-oldrel-macos-arm64 | 3.1-0 | 214.00 | OK | |||
r-oldrel-macos-x86_64 | 3.1-0 | 236.00 | OK | |||
r-oldrel-windows-x86_64 | 3.1-0 | 8.00 | 88.00 | 96.00 | OK |
Version: 3.1-0
Check: package dependencies
Result: NOTE
Package suggested but not available for checking: ‘rlibkriging’
Flavor: r-release-linux-x86_64