CRAN Package Check Results for Package DoE.base

Last updated on 2020-12-02 12:51:37 CET.

Flavor Version Tinstall Tcheck Ttotal Status Flags
r-devel-linux-x86_64-debian-clang 1.1-5 21.42 118.74 140.16 NOTE
r-devel-linux-x86_64-debian-gcc 1.1-5 12.55 89.74 102.29 NOTE
r-devel-linux-x86_64-fedora-clang 1.1-5 166.62 NOTE
r-devel-linux-x86_64-fedora-gcc 1.1-5 160.01 NOTE
r-devel-windows-ix86+x86_64 1.1-5 27.00 138.00 165.00 OK
r-patched-linux-x86_64 1.1-5 15.97 109.08 125.05 NOTE
r-patched-solaris-x86 1.1-5 194.90 NOTE
r-release-linux-x86_64 1.1-5 15.83 110.10 125.93 NOTE
r-release-macos-x86_64 1.1-5 OK
r-release-windows-ix86+x86_64 1.1-5 28.00 108.00 136.00 OK
r-oldrel-macos-x86_64 1.1-5 OK
r-oldrel-windows-ix86+x86_64 1.1-5 20.00 129.00 149.00 OK

Check Details

Version: 1.1-5
Check: Rd cross-references
Result: NOTE
    Unknown package 'planor' in Rd xrefs
Flavors: r-devel-linux-x86_64-debian-clang, r-devel-linux-x86_64-debian-gcc, r-devel-linux-x86_64-fedora-gcc, r-patched-linux-x86_64, r-patched-solaris-x86, r-release-linux-x86_64

Version: 1.1-5
Check: Rd cross-references
Result: NOTE
    Undeclared packages ‘FrF2’, ‘DoE.wrapper’, ‘sfsmisc’, ‘DoE.MIParray’, ‘planor’ in Rd xrefs
    Unknown package ‘planor’ in Rd xrefs
Flavor: r-devel-linux-x86_64-fedora-clang