Last updated on 2025-01-19 05:49:07 CET.
Flavor | Version | Tinstall | Tcheck | Ttotal | Status | Flags |
---|---|---|---|---|---|---|
r-devel-linux-x86_64-debian-clang | 0.2.3 | 6.94 | 71.91 | 78.85 | NOTE | |
r-devel-linux-x86_64-debian-gcc | 0.2.3 | 5.66 | 54.77 | 60.43 | NOTE | |
r-devel-linux-x86_64-fedora-clang | 0.2.3 | 124.27 | NOTE | |||
r-devel-linux-x86_64-fedora-gcc | 0.2.3 | 124.54 | NOTE | |||
r-devel-windows-x86_64 | 0.2.3 | 8.00 | 112.00 | 120.00 | NOTE | |
r-patched-linux-x86_64 | 0.2.3 | 6.63 | 68.88 | 75.51 | NOTE | |
r-release-linux-x86_64 | 0.2.3 | 6.84 | 67.36 | 74.20 | NOTE | |
r-release-macos-arm64 | 0.2.3 | 36.00 | NOTE | |||
r-release-macos-x86_64 | 0.2.3 | 57.00 | NOTE | |||
r-release-windows-x86_64 | 0.2.3 | 8.00 | 104.00 | 112.00 | NOTE | |
r-oldrel-macos-arm64 | 0.2.3 | 42.00 | OK | |||
r-oldrel-macos-x86_64 | 0.2.3 | 97.00 | OK | |||
r-oldrel-windows-x86_64 | 0.2.3 | 9.00 | 110.00 | 119.00 | OK |
Version: 0.2.3
Check: Rd files
Result: NOTE
checkRd: (-1) py_select_interpreter.Rd:5: Lost braces; missing escapes or markup?
5 | \title{Tell {reticulate} to use Python Conda version available on Domino Data Lab.}
| ^
Flavors: r-devel-linux-x86_64-debian-clang, r-devel-linux-x86_64-debian-gcc, r-devel-linux-x86_64-fedora-clang, r-devel-linux-x86_64-fedora-gcc, r-devel-windows-x86_64, r-patched-linux-x86_64, r-release-linux-x86_64, r-release-macos-arm64, r-release-macos-x86_64, r-release-windows-x86_64