CRAN Package Check Results for Package DrDimont

Last updated on 2025-01-19 05:49:07 CET.

Flavor Version Tinstall Tcheck Ttotal Status Flags
r-devel-linux-x86_64-debian-clang 0.1.4 6.70 73.00 79.70 NOTE
r-devel-linux-x86_64-debian-gcc 0.1.4 4.99 52.63 57.62 NOTE
r-devel-linux-x86_64-fedora-clang 0.1.4 135.38 NOTE
r-devel-linux-x86_64-fedora-gcc 0.1.4 139.79 NOTE
r-devel-windows-x86_64 0.1.4 8.00 106.00 114.00 NOTE
r-patched-linux-x86_64 0.1.4 8.04 68.23 76.27 NOTE
r-release-linux-x86_64 0.1.4 7.15 68.55 75.70 NOTE
r-release-macos-arm64 0.1.4 45.00 NOTE
r-release-macos-x86_64 0.1.4 73.00 NOTE
r-release-windows-x86_64 0.1.4 11.00 106.00 117.00 NOTE
r-oldrel-macos-arm64 0.1.4 54.00 OK
r-oldrel-macos-x86_64 0.1.4 77.00 OK
r-oldrel-windows-x86_64 0.1.4 12.00 122.00 134.00 OK

Check Details

Version: 0.1.4
Check: Rd files
Result: NOTE checkRd: (-1) generate_individual_graphs.Rd:11: Lost braces 11 | code{\link[DrDimont]{compute_correlation_matrices}}} | ^ Flavors: r-devel-linux-x86_64-debian-clang, r-devel-linux-x86_64-debian-gcc, r-devel-linux-x86_64-fedora-clang, r-devel-linux-x86_64-fedora-gcc, r-devel-windows-x86_64, r-patched-linux-x86_64, r-release-linux-x86_64, r-release-macos-arm64, r-release-macos-x86_64, r-release-windows-x86_64