Last updated on 2025-01-19 05:49:07 CET.
Flavor | Version | Tinstall | Tcheck | Ttotal | Status | Flags |
---|---|---|---|---|---|---|
r-devel-linux-x86_64-debian-clang | 0.8.1 | 8.80 | 688.44 | 697.24 | OK | |
r-devel-linux-x86_64-debian-gcc | 0.8.2 | 5.63 | 467.57 | 473.20 | OK | |
r-devel-linux-x86_64-fedora-clang | 0.8.2 | 1235.71 | OK | |||
r-devel-linux-x86_64-fedora-gcc | 0.8.2 | 1080.50 | OK | |||
r-devel-windows-x86_64 | 0.8.2 | 11.00 | 406.00 | 417.00 | OK | |
r-patched-linux-x86_64 | 0.8.2 | 9.73 | 644.85 | 654.58 | OK | |
r-release-linux-x86_64 | 0.8.1 | 8.18 | 643.49 | 651.67 | OK | |
r-release-macos-arm64 | 0.8.2 | 168.00 | NOTE | |||
r-release-macos-x86_64 | 0.8.2 | 227.00 | NOTE | |||
r-release-windows-x86_64 | 0.8.1 | 10.00 | 399.00 | 409.00 | NOTE | |
r-oldrel-macos-arm64 | 0.8.2 | 219.00 | NOTE | |||
r-oldrel-macos-x86_64 | 0.8.2 | 413.00 | NOTE | |||
r-oldrel-windows-x86_64 | 0.8.2 | 12.00 | 533.00 | 545.00 | NOTE |
Version: 0.8.2
Check: installed package size
Result: NOTE
installed size is 5.7Mb
sub-directories of 1Mb or more:
doc 4.9Mb
Flavors: r-release-macos-arm64, r-release-macos-x86_64, r-oldrel-macos-arm64, r-oldrel-macos-x86_64, r-oldrel-windows-x86_64
Version: 0.8.1
Check: installed package size
Result: NOTE
installed size is 5.7Mb
sub-directories of 1Mb or more:
doc 4.9Mb
Flavor: r-release-windows-x86_64