Last updated on 2024-03-18 11:52:23 CET.
Flavor | Version | Tinstall | Tcheck | Ttotal | Status | Flags |
---|---|---|---|---|---|---|
r-devel-linux-x86_64-debian-clang | 0.4.0 | 46.62 | 95.55 | 142.17 | NOTE | |
r-devel-linux-x86_64-debian-gcc | 0.4.0 | 35.86 | 72.18 | 108.04 | NOTE | |
r-devel-linux-x86_64-fedora-clang | 0.4.0 | 190.51 | NOTE | |||
r-devel-linux-x86_64-fedora-gcc | 0.4.0 | 191.51 | NOTE | |||
r-devel-windows-x86_64 | 0.4.0 | 39.00 | 109.00 | 148.00 | NOTE | |
r-patched-linux-x86_64 | 0.4.0 | 51.71 | 94.93 | 146.64 | NOTE | |
r-release-linux-x86_64 | 0.4.0 | 42.54 | 92.10 | 134.64 | NOTE | |
r-release-macos-arm64 | 0.4.0 | 54.00 | NOTE | |||
r-release-macos-x86_64 | 0.4.0 | 91.00 | NOTE | |||
r-release-windows-x86_64 | 0.4.0 | 47.00 | 128.00 | 175.00 | NOTE | |
r-oldrel-macos-arm64 | 0.4.0 | 49.00 | NOTE | |||
r-oldrel-windows-x86_64 | 0.4.0 | 46.00 | 125.00 | 171.00 | NOTE |
Version: 0.4.0
Check: LazyData
Result: NOTE
'LazyData' is specified without a 'data' directory
Flavors: r-devel-linux-x86_64-debian-clang, r-devel-linux-x86_64-debian-gcc, r-devel-linux-x86_64-fedora-clang, r-devel-linux-x86_64-fedora-gcc, r-devel-windows-x86_64, r-patched-linux-x86_64, r-release-linux-x86_64, r-release-macos-arm64, r-release-macos-x86_64, r-release-windows-x86_64, r-oldrel-macos-arm64, r-oldrel-windows-x86_64
Version: 0.4.0
Check: dependencies in R code
Result: NOTE
Namespace in Imports field not imported from: ‘Rcpp’
All declared Imports should be used.
Flavors: r-devel-linux-x86_64-fedora-clang, r-devel-linux-x86_64-fedora-gcc, r-oldrel-macos-arm64