Last updated on 2025-01-19 05:49:07 CET.
Flavor | Version | Tinstall | Tcheck | Ttotal | Status | Flags |
---|---|---|---|---|---|---|
r-devel-linux-x86_64-debian-clang | 1.0 | 191.23 | 116.65 | 307.88 | NOTE | |
r-devel-linux-x86_64-debian-gcc | 1.0 | 135.63 | 79.53 | 215.16 | NOTE | |
r-devel-linux-x86_64-fedora-clang | 1.0 | 582.64 | NOTE | |||
r-devel-linux-x86_64-fedora-gcc | 1.0 | 610.90 | NOTE | |||
r-devel-windows-x86_64 | 1.0 | 198.00 | 149.00 | 347.00 | NOTE | |
r-patched-linux-x86_64 | 1.0 | 187.74 | 113.68 | 301.42 | NOTE | |
r-release-linux-x86_64 | 1.0 | 196.09 | 113.67 | 309.76 | NOTE | |
r-release-macos-arm64 | 1.0 | 135.00 | NOTE | |||
r-release-macos-x86_64 | 1.0 | 151.00 | NOTE | |||
r-release-windows-x86_64 | 1.0 | 206.00 | 152.00 | 358.00 | NOTE | |
r-oldrel-macos-arm64 | 1.0 | 178.00 | NOTE | |||
r-oldrel-macos-x86_64 | 1.0 | 279.00 | NOTE | |||
r-oldrel-windows-x86_64 | 1.0 | 235.00 | 181.00 | 416.00 | NOTE |
Version: 1.0
Check: C++ specification
Result: NOTE
Specified C++11: please drop specification unless essential
Flavors: r-devel-linux-x86_64-debian-clang, r-devel-linux-x86_64-debian-gcc, r-devel-linux-x86_64-fedora-clang, r-devel-linux-x86_64-fedora-gcc, r-devel-windows-x86_64, r-patched-linux-x86_64, r-release-linux-x86_64, r-release-macos-arm64, r-release-macos-x86_64, r-release-windows-x86_64, r-oldrel-macos-arm64, r-oldrel-macos-x86_64, r-oldrel-windows-x86_64
Version: 1.0
Check: Rd files
Result: NOTE
checkRd: (-1) monitor_long_1d.Rd:33: Lost braces
33 | If \code{side="upward"}{apply control charts that aim to detect upward shifts.} \cr
| ^
checkRd: (-1) monitor_long_1d.Rd:34: Lost braces
34 | If \code{side="downward"}{apply control charts that aim to detect downward shifts.} \cr
| ^
checkRd: (-1) monitor_long_1d.Rd:35: Lost braces
35 | If \code{side="both"}{apply control charts that aim to detect shifts in both sides}}
| ^
checkRd: (-1) monitor_long_1d.Rd:38: Lost braces
38 | If \code{chart="CUSUM"}{apply CUSUM charts.} \cr
| ^
checkRd: (-1) monitor_long_1d.Rd:39: Lost braces
39 | If \code{chart="EWMA"}{apply EWMA charts.}}
| ^
Flavors: r-devel-linux-x86_64-debian-clang, r-devel-linux-x86_64-debian-gcc, r-devel-linux-x86_64-fedora-clang, r-devel-linux-x86_64-fedora-gcc, r-devel-windows-x86_64, r-patched-linux-x86_64, r-release-linux-x86_64, r-release-macos-arm64, r-release-macos-x86_64, r-release-windows-x86_64
Version: 1.0
Check: installed package size
Result: NOTE
installed size is 11.6Mb
sub-directories of 1Mb or more:
data 3.1Mb
libs 7.9Mb
Flavors: r-release-macos-arm64, r-release-macos-x86_64, r-release-windows-x86_64, r-oldrel-macos-arm64, r-oldrel-macos-x86_64, r-oldrel-windows-x86_64