CRAN Package Check Results for Package EATME

Last updated on 2025-01-19 05:49:07 CET.

Flavor Version Tinstall Tcheck Ttotal Status Flags
r-devel-linux-x86_64-debian-clang 0.1.0 2.41 52.58 54.99 OK
r-devel-linux-x86_64-debian-gcc 0.1.0 1.78 33.33 35.11 OK
r-devel-linux-x86_64-fedora-clang 0.1.0 90.90 NOTE
r-devel-linux-x86_64-fedora-gcc 0.1.0 82.75 NOTE
r-devel-windows-x86_64 0.1.0 4.00 75.00 79.00 OK
r-patched-linux-x86_64 0.1.0 2.46 46.37 48.83 OK
r-release-linux-x86_64 0.1.0 2.18 45.79 47.97 OK
r-release-macos-arm64 0.1.0 29.00 OK
r-release-macos-x86_64 0.1.0 41.00 OK
r-release-windows-x86_64 0.1.0 4.00 75.00 79.00 OK
r-oldrel-macos-arm64 0.1.0 32.00 OK
r-oldrel-macos-x86_64 0.1.0 37.00 OK
r-oldrel-windows-x86_64 0.1.0 5.00 84.00 89.00 OK

Check Details

Version: 0.1.0
Check: dependencies in R code
Result: NOTE Namespace in Imports field not imported from: ‘qcr’ All declared Imports should be used. Flavors: r-devel-linux-x86_64-fedora-clang, r-devel-linux-x86_64-fedora-gcc