Last updated on 2025-01-19 05:49:07 CET.
Flavor | Version | Tinstall | Tcheck | Ttotal | Status | Flags |
---|---|---|---|---|---|---|
r-devel-linux-x86_64-debian-clang | 0.2.3 | 28.34 | 211.11 | 239.45 | NOTE | |
r-devel-linux-x86_64-debian-gcc | 0.2.3 | 19.87 | 145.89 | 165.76 | NOTE | |
r-devel-linux-x86_64-fedora-clang | 0.2.3 | 392.12 | NOTE | |||
r-devel-linux-x86_64-fedora-gcc | 0.2.3 | 384.53 | NOTE | |||
r-devel-windows-x86_64 | 0.2.3 | 30.00 | 201.00 | 231.00 | NOTE | |
r-patched-linux-x86_64 | 0.2.3 | 29.00 | 198.05 | 227.05 | NOTE | |
r-release-linux-x86_64 | 0.2.3 | 26.30 | 196.24 | 222.54 | NOTE | |
r-release-macos-arm64 | 0.2.3 | 85.00 | NOTE | |||
r-release-macos-x86_64 | 0.2.3 | 158.00 | NOTE | |||
r-release-windows-x86_64 | 0.2.3 | 32.00 | 209.00 | 241.00 | NOTE | |
r-oldrel-macos-arm64 | 0.2.3 | 96.00 | NOTE | |||
r-oldrel-macos-x86_64 | 0.2.3 | 165.00 | NOTE | |||
r-oldrel-windows-x86_64 | 0.2.3 | 37.00 | 266.00 | 303.00 | NOTE |
Version: 0.2.3
Check: Rd files
Result: NOTE
checkRd: (-1) MHLS.Rd:48-51: Lost braces in \itemize; meant \describe ?
checkRd: (-1) MHLS.Rd:52: Lost braces in \itemize; meant \describe ?
checkRd: (-1) MHLS.Rd:53-54: Lost braces in \itemize; meant \describe ?
checkRd: (-1) MHLS.Rd:55-56: Lost braces in \itemize; meant \describe ?
checkRd: (-1) MHLS.Rd:75: Lost braces; missing escapes or markup?
75 | From the initial values, \code{B0} and {S0}, \code{\link{MHLS}} draws \code{beta} and \code{subgrad} samples.
| ^
Flavors: r-devel-linux-x86_64-debian-clang, r-devel-linux-x86_64-debian-gcc, r-devel-linux-x86_64-fedora-clang, r-devel-linux-x86_64-fedora-gcc, r-devel-windows-x86_64, r-patched-linux-x86_64, r-release-linux-x86_64, r-release-macos-arm64, r-release-macos-x86_64, r-release-windows-x86_64
Version: 0.2.3
Check: LazyData
Result: NOTE
'LazyData' is specified without a 'data' directory
Flavors: r-patched-linux-x86_64, r-release-linux-x86_64, r-release-macos-arm64, r-release-macos-x86_64, r-release-windows-x86_64, r-oldrel-macos-arm64, r-oldrel-macos-x86_64, r-oldrel-windows-x86_64