Last updated on 2024-04-17 13:57:26 CEST.
Flavor | Version | Tinstall | Tcheck | Ttotal | Status | Flags |
---|---|---|---|---|---|---|
r-devel-linux-x86_64-debian-clang | 1.0.0 | 1.57 | 23.78 | 25.35 | NOTE | |
r-devel-linux-x86_64-debian-gcc | 1.0.0 | 1.85 | 18.08 | 19.93 | NOTE | |
r-devel-linux-x86_64-fedora-clang | 1.0.0 | 32.87 | NOTE | |||
r-devel-linux-x86_64-fedora-gcc | 1.0.0 | 31.69 | NOTE | |||
r-prerel-macos-arm64 | 1.0.0 | 15.00 | NOTE | |||
r-prerel-windows-x86_64 | 1.0.0 | 3.00 | 36.00 | 39.00 | NOTE | |
r-patched-linux-x86_64 | 1.0.0 | 2.43 | 22.80 | 25.23 | NOTE | |
r-release-linux-x86_64 | 1.0.0 | 2.15 | 22.30 | 24.45 | NOTE | |
r-release-macos-arm64 | 1.0.0 | 15.00 | NOTE | |||
r-release-macos-x86_64 | 1.0.0 | 20.00 | NOTE | |||
r-release-windows-x86_64 | 1.0.0 | 3.00 | 35.00 | 38.00 | NOTE | |
r-oldrel-macos-arm64 | 1.0.0 | 18.00 | NOTE | |||
r-oldrel-windows-x86_64 | 1.0.0 | 8.00 | 43.00 | 51.00 | NOTE |
Version: 1.0.0
Check: LazyData
Result: NOTE
'LazyData' is specified without a 'data' directory
Flavors: r-devel-linux-x86_64-debian-clang, r-devel-linux-x86_64-debian-gcc, r-devel-linux-x86_64-fedora-clang, r-devel-linux-x86_64-fedora-gcc, r-prerel-macos-arm64, r-prerel-windows-x86_64, r-patched-linux-x86_64, r-release-linux-x86_64, r-release-macos-arm64, r-release-macos-x86_64, r-release-windows-x86_64, r-oldrel-macos-arm64, r-oldrel-windows-x86_64