Last updated on 2025-01-19 05:49:07 CET.
Flavor | Version | Tinstall | Tcheck | Ttotal | Status | Flags |
---|---|---|---|---|---|---|
r-devel-linux-x86_64-debian-clang | 0.7.0 | 1.65 | 29.42 | 31.07 | NOTE | |
r-devel-linux-x86_64-debian-gcc | 0.7.0 | 1.51 | 23.31 | 24.82 | NOTE | |
r-devel-linux-x86_64-fedora-clang | 0.7.0 | 52.26 | OK | |||
r-devel-linux-x86_64-fedora-gcc | 0.7.0 | 61.11 | OK | |||
r-devel-windows-x86_64 | 0.7.0 | 4.00 | 64.00 | 68.00 | NOTE | |
r-patched-linux-x86_64 | 0.7.0 | 3.84 | 28.35 | 32.19 | OK | |
r-release-linux-x86_64 | 0.7.0 | 2.15 | 28.34 | 30.49 | OK | |
r-release-macos-arm64 | 0.7.0 | 25.00 | OK | |||
r-release-macos-x86_64 | 0.7.0 | 40.00 | OK | |||
r-release-windows-x86_64 | 0.7.0 | 4.00 | 65.00 | 69.00 | OK | |
r-oldrel-macos-arm64 | 0.7.0 | 26.00 | OK | |||
r-oldrel-macos-x86_64 | 0.7.0 | 38.00 | OK | |||
r-oldrel-windows-x86_64 | 0.7.0 | 4.00 | 60.00 | 64.00 | OK |
Version: 0.7.0
Check: Rd cross-references
Result: NOTE
Found the following Rd file(s) with Rd \link{} targets missing package
anchors:
EESPCACV.Rd: PMA
RifleInit.Rd: rifle
RiflePCACV.Rd: rifle, PMA
TpowerPCACV.Rd: PMA
Please provide package anchors for all Rd \link{} targets not in the
package itself and the base packages.
Flavors: r-devel-linux-x86_64-debian-clang, r-devel-linux-x86_64-debian-gcc, r-devel-windows-x86_64