CRAN Package Check Results for Package EFAtools

Last updated on 2025-01-19 05:49:07 CET.

Flavor Version Tinstall Tcheck Ttotal Status Flags
r-devel-linux-x86_64-debian-clang 0.4.5 60.37 354.37 414.74 OK
r-devel-linux-x86_64-debian-gcc 0.4.5 42.47 244.01 286.48 OK
r-devel-linux-x86_64-fedora-clang 0.4.5 672.65 NOTE
r-devel-linux-x86_64-fedora-gcc 0.4.5 673.60 NOTE
r-devel-windows-x86_64 0.4.5 67.00 360.00 427.00 OK
r-patched-linux-x86_64 0.4.5 62.62 321.15 383.77 OK
r-release-linux-x86_64 0.4.5 64.10 340.21 404.31 OK
r-release-macos-arm64 0.4.5 176.00 OK
r-release-macos-x86_64 0.4.5 326.00 OK
r-release-windows-x86_64 0.4.5 68.00 354.00 422.00 OK
r-oldrel-macos-arm64 0.4.5 168.00 OK
r-oldrel-macos-x86_64 0.4.5 370.00 OK
r-oldrel-windows-x86_64 0.4.5 79.00 454.00 533.00 OK

Check Details

Version: 0.4.5
Check: dependencies in R code
Result: NOTE Namespace in Imports field not imported from: ‘progress’ All declared Imports should be used. Flavors: r-devel-linux-x86_64-fedora-clang, r-devel-linux-x86_64-fedora-gcc