Last updated on 2025-01-19 05:49:07 CET.
Flavor | Version | Tinstall | Tcheck | Ttotal | Status | Flags |
---|---|---|---|---|---|---|
r-devel-linux-x86_64-debian-clang | 2.0.6.1 | 7.20 | 82.37 | 89.57 | NOTE | |
r-devel-linux-x86_64-debian-gcc | 2.0.6.1 | 4.93 | 57.37 | 62.30 | NOTE | |
r-devel-linux-x86_64-fedora-clang | 2.0.6.1 | 146.53 | OK | |||
r-devel-linux-x86_64-fedora-gcc | 2.0.6.1 | 149.88 | OK | |||
r-devel-windows-x86_64 | 2.0.6.1 | 11.00 | 110.00 | 121.00 | NOTE | --no-vignettes |
r-patched-linux-x86_64 | 2.0.6.1 | 12.10 | 75.25 | 87.35 | OK | |
r-release-linux-x86_64 | 2.0.6.1 | 7.59 | 74.29 | 81.88 | OK | |
r-release-macos-arm64 | 2.0.6.1 | 50.00 | OK | |||
r-release-macos-x86_64 | 2.0.6.1 | 74.00 | OK | |||
r-release-windows-x86_64 | 2.0.6.1 | 11.00 | 111.00 | 122.00 | OK | --no-vignettes |
r-oldrel-macos-arm64 | 2.0.6.1 | 53.00 | OK | |||
r-oldrel-macos-x86_64 | 2.0.6.1 | 82.00 | OK | |||
r-oldrel-windows-x86_64 | 2.0.6.1 | 12.00 | 112.00 | 124.00 | OK | --no-vignettes |
Version: 2.0.6.1
Check: Rd cross-references
Result: NOTE
Found the following Rd file(s) with Rd \link{} targets missing package
anchors:
write_eml.Rd: write_xml
Please provide package anchors for all Rd \link{} targets not in the
package itself and the base packages.
Flavors: r-devel-linux-x86_64-debian-clang, r-devel-linux-x86_64-debian-gcc
Version: 2.0.6.1
Flags: --no-vignettes
Check: Rd cross-references
Result: NOTE
Found the following Rd file(s) with Rd \link{} targets missing package
anchors:
write_eml.Rd: write_xml
Please provide package anchors for all Rd \link{} targets not in the
package itself and the base packages.
Flavor: r-devel-windows-x86_64