Last updated on 2025-01-19 05:49:07 CET.
Flavor | Version | Tinstall | Tcheck | Ttotal | Status | Flags |
---|---|---|---|---|---|---|
r-devel-linux-x86_64-debian-clang | 0.1.4 | 39.68 | 61.05 | 100.73 | OK | |
r-devel-linux-x86_64-debian-gcc | 0.1.4 | 30.45 | 44.60 | 75.05 | OK | |
r-devel-linux-x86_64-fedora-clang | 0.1.4 | 182.87 | OK | |||
r-devel-linux-x86_64-fedora-gcc | 0.1.4 | 185.95 | OK | |||
r-devel-windows-x86_64 | 0.1.4 | 43.00 | 106.00 | 149.00 | OK | |
r-patched-linux-x86_64 | 0.1.4 | 42.08 | 56.55 | 98.63 | OK | |
r-release-linux-x86_64 | 0.1.4 | 41.44 | 56.30 | 97.74 | OK | |
r-release-macos-arm64 | 0.1.4 | 45.00 | NOTE | |||
r-release-macos-x86_64 | 0.1.4 | 72.00 | NOTE | |||
r-release-windows-x86_64 | 0.1.4 | 46.00 | 107.00 | 153.00 | OK | |
r-oldrel-macos-arm64 | 0.1.4 | 55.00 | NOTE | |||
r-oldrel-macos-x86_64 | 0.1.4 | 90.00 | NOTE | |||
r-oldrel-windows-x86_64 | 0.1.4 | 51.00 | 122.00 | 173.00 | OK |
Version: 0.1.4
Check: installed package size
Result: NOTE
installed size is 6.0Mb
sub-directories of 1Mb or more:
data 2.0Mb
libs 3.9Mb
Flavors: r-release-macos-arm64, r-release-macos-x86_64, r-oldrel-macos-arm64, r-oldrel-macos-x86_64