Last updated on 2025-01-19 05:49:07 CET.
Flavor | Version | Tinstall | Tcheck | Ttotal | Status | Flags |
---|---|---|---|---|---|---|
r-devel-linux-x86_64-debian-clang | 0.2.1 | 40.63 | 104.23 | 144.86 | NOTE | |
r-devel-linux-x86_64-debian-gcc | 0.2.1 | 32.85 | 70.76 | 103.61 | NOTE | |
r-devel-linux-x86_64-fedora-clang | 0.2.1 | 254.71 | OK | |||
r-devel-linux-x86_64-fedora-gcc | 0.2.1 | 243.92 | OK | |||
r-devel-windows-x86_64 | 0.2.1 | 47.00 | 118.00 | 165.00 | NOTE | |
r-patched-linux-x86_64 | 0.2.1 | 53.10 | 93.34 | 146.44 | OK | |
r-release-linux-x86_64 | 0.2.1 | 45.65 | 93.49 | 139.14 | OK | |
r-release-macos-arm64 | 0.2.1 | 55.00 | OK | |||
r-release-macos-x86_64 | 0.2.1 | 88.00 | OK | |||
r-release-windows-x86_64 | 0.2.1 | 44.00 | 121.00 | 165.00 | OK | |
r-oldrel-macos-arm64 | 0.2.1 | 80.00 | OK | |||
r-oldrel-macos-x86_64 | 0.2.1 | 141.00 | OK | |||
r-oldrel-windows-x86_64 | 0.2.1 | 58.00 | 155.00 | 213.00 | OK |
Version: 0.2.1
Check: Rd cross-references
Result: NOTE
Found the following Rd file(s) with Rd \link{} targets missing package
anchors:
em.prec.Rd: glassoFast
Please provide package anchors for all Rd \link{} targets not in the
package itself and the base packages.
Flavors: r-devel-linux-x86_64-debian-clang, r-devel-linux-x86_64-debian-gcc, r-devel-windows-x86_64