Last updated on 2024-04-21 12:53:55 CEST.
Flavor | Version | Tinstall | Tcheck | Ttotal | Status | Flags |
---|---|---|---|---|---|---|
r-devel-linux-x86_64-debian-clang | 2.0.4 | 37.26 | 643.40 | 680.66 | OK | |
r-devel-linux-x86_64-debian-gcc | 2.0.4 | 31.87 | 443.84 | 475.71 | OK | |
r-devel-linux-x86_64-fedora-clang | 2.0.4 | 814.14 | NOTE | |||
r-devel-linux-x86_64-fedora-gcc | 2.0.4 | 810.17 | NOTE | |||
r-prerel-macos-arm64 | 2.0.4 | 164.00 | OK | |||
r-prerel-windows-x86_64 | 2.0.4 | 31.00 | 460.00 | 491.00 | OK | |
r-patched-linux-x86_64 | 2.0.4 | 35.48 | 593.75 | 629.23 | OK | |
r-release-linux-x86_64 | 2.0.4 | 25.90 | 599.60 | 625.50 | OK | |
r-release-macos-arm64 | 2.0.4 | 195.00 | OK | |||
r-release-macos-x86_64 | 2.0.4 | 367.00 | OK | |||
r-release-windows-x86_64 | 2.0.4 | 43.00 | 546.00 | 589.00 | OK | |
r-oldrel-macos-arm64 | 2.0.4 | 175.00 | OK | |||
r-oldrel-windows-x86_64 | 2.0.4 | 47.00 | 510.00 | 557.00 | OK |
Version: 2.0.4
Check: data for non-ASCII characters
Result: NOTE
Note: found 2 marked UTF-8 strings
Flavors: r-devel-linux-x86_64-fedora-clang, r-devel-linux-x86_64-fedora-gcc