Last updated on 2025-01-19 05:49:07 CET.
Flavor | Version | Tinstall | Tcheck | Ttotal | Status | Flags |
---|---|---|---|---|---|---|
r-devel-linux-x86_64-debian-clang | 1.1.1 | 10.93 | 91.75 | 102.68 | NOTE | |
r-devel-linux-x86_64-debian-gcc | 1.1.1 | 7.32 | 64.56 | 71.88 | NOTE | |
r-devel-linux-x86_64-fedora-clang | 1.1.1 | 161.58 | OK | |||
r-devel-linux-x86_64-fedora-gcc | 1.1.1 | 150.25 | OK | |||
r-devel-windows-x86_64 | 1.1.1 | 13.00 | 95.00 | 108.00 | NOTE | |
r-patched-linux-x86_64 | 1.1.1 | 13.61 | 83.34 | 96.95 | OK | |
r-release-linux-x86_64 | 1.1.1 | 10.27 | 82.97 | 93.24 | OK | |
r-release-macos-arm64 | 1.1.1 | 48.00 | OK | |||
r-release-macos-x86_64 | 1.1.1 | 71.00 | OK | |||
r-release-windows-x86_64 | 1.1.1 | 12.00 | 95.00 | 107.00 | OK | |
r-oldrel-macos-arm64 | 1.1.1 | 49.00 | OK | |||
r-oldrel-macos-x86_64 | 1.1.1 | 82.00 | OK | |||
r-oldrel-windows-x86_64 | 1.1.1 | 16.00 | 119.00 | 135.00 | OK |
Version: 1.1.1
Check: Rd cross-references
Result: NOTE
Found the following Rd file(s) with Rd \link{} targets missing package
anchors:
elastic.Rd: glmnet
Please provide package anchors for all Rd \link{} targets not in the
package itself and the base packages.
Flavors: r-devel-linux-x86_64-debian-clang, r-devel-linux-x86_64-debian-gcc, r-devel-windows-x86_64