Last updated on 2025-01-19 05:49:08 CET.
Flavor | Version | Tinstall | Tcheck | Ttotal | Status | Flags |
---|---|---|---|---|---|---|
r-devel-linux-x86_64-debian-clang | 2.2.2 | 46.07 | 32.84 | 78.91 | OK | |
r-devel-linux-x86_64-debian-gcc | 2.2.2 | 34.63 | 24.41 | 59.04 | OK | |
r-devel-linux-x86_64-fedora-clang | 2.2.2 | 155.94 | OK | |||
r-devel-linux-x86_64-fedora-gcc | 2.2.2 | 156.07 | OK | |||
r-devel-windows-x86_64 | 2.2.2 | 51.00 | 70.00 | 121.00 | OK | |
r-patched-linux-x86_64 | 2.2.2 | 46.65 | 31.13 | 77.78 | NOTE | |
r-release-linux-x86_64 | 2.2.2 | 47.81 | 31.39 | 79.20 | NOTE | |
r-release-macos-arm64 | 2.2.2 | 36.00 | NOTE | |||
r-release-macos-x86_64 | 2.2.2 | 58.00 | NOTE | |||
r-release-windows-x86_64 | 2.2.2 | 51.00 | 70.00 | 121.00 | NOTE | |
r-oldrel-macos-arm64 | 2.2.2 | 44.00 | NOTE | |||
r-oldrel-macos-x86_64 | 2.2.2 | 79.00 | NOTE | |||
r-oldrel-windows-x86_64 | 2.2.2 | 58.00 | 85.00 | 143.00 | NOTE |
Version: 2.2.2
Check: LazyData
Result: NOTE
'LazyData' is specified without a 'data' directory
Flavors: r-patched-linux-x86_64, r-release-linux-x86_64, r-release-macos-arm64, r-release-macos-x86_64, r-release-windows-x86_64, r-oldrel-macos-arm64, r-oldrel-macos-x86_64, r-oldrel-windows-x86_64