CRAN Package Check Results for Package EZtune

Last updated on 2025-01-19 05:49:08 CET.

Flavor Version Tinstall Tcheck Ttotal Status Flags
r-devel-linux-x86_64-debian-clang 3.1.1 4.73 361.57 366.30 OK
r-devel-linux-x86_64-debian-gcc 3.1.1 3.24 269.71 272.95 OK
r-devel-linux-x86_64-fedora-clang 3.1.1 521.95 NOTE
r-devel-linux-x86_64-fedora-gcc 3.1.1 501.78 NOTE
r-devel-windows-x86_64 3.1.1 7.00 360.00 367.00 OK
r-patched-linux-x86_64 3.1.1 4.97 326.32 331.29 OK
r-release-linux-x86_64 3.1.1 3.98 369.82 373.80 OK
r-release-macos-arm64 3.1.1 242.00 OK
r-release-macos-x86_64 3.1.1 285.00 OK
r-release-windows-x86_64 3.1.1 6.00 281.00 287.00 OK
r-oldrel-macos-arm64 3.1.1 253.00 OK
r-oldrel-macos-x86_64 3.1.1 317.00 OK
r-oldrel-windows-x86_64 3.1.1 8.00 379.00 387.00 OK

Check Details

Version: 3.1.1
Check: dependencies in R code
Result: NOTE Namespace in Imports field not imported from: ‘BiocStyle’ All declared Imports should be used. Flavors: r-devel-linux-x86_64-fedora-clang, r-devel-linux-x86_64-fedora-gcc