Last updated on 2025-01-19 05:49:07 CET.
Flavor | Version | Tinstall | Tcheck | Ttotal | Status | Flags |
---|---|---|---|---|---|---|
r-devel-linux-x86_64-debian-clang | 1.1.0 | 1677.40 | 245.23 | 1922.63 | OK | |
r-devel-linux-x86_64-debian-gcc | 1.1.0 | 1363.67 | 282.09 | 1645.76 | OK | |
r-devel-linux-x86_64-fedora-clang | 1.1.0 | 2717.57 | NOTE | |||
r-devel-linux-x86_64-fedora-gcc | 1.1.0 | 4200.06 | NOTE | |||
r-devel-windows-x86_64 | 1.1.0 | 1437.00 | 352.00 | 1789.00 | OK | |
r-patched-linux-x86_64 | 1.1.0 | 1640.07 | 365.60 | 2005.67 | OK | |
r-release-linux-x86_64 | 1.1.0 | 1965.51 | 363.17 | 2328.68 | OK | |
r-release-macos-arm64 | 1.1.0 | 748.00 | NOTE | |||
r-release-macos-x86_64 | 1.1.0 | 998.00 | NOTE | |||
r-release-windows-x86_64 | 1.1.0 | 1377.00 | 352.00 | 1729.00 | NOTE | |
r-oldrel-macos-arm64 | 1.1.0 | 1264.00 | NOTE | |||
r-oldrel-macos-x86_64 | 1.1.0 | 902.00 | NOTE | |||
r-oldrel-windows-x86_64 | 1.1.0 | 1987.00 | 460.00 | 2447.00 | NOTE |
Version: 1.1.0
Check: dependencies in R code
Result: NOTE
Namespaces in Imports field not imported from:
‘RcppParallel’ ‘rstantools’
All declared Imports should be used.
Flavors: r-devel-linux-x86_64-fedora-clang, r-devel-linux-x86_64-fedora-gcc
Version: 1.1.0
Check: installed package size
Result: NOTE
installed size is 224.7Mb
sub-directories of 1Mb or more:
doc 3.5Mb
libs 220.1Mb
Flavors: r-release-macos-arm64, r-release-macos-x86_64, r-release-windows-x86_64, r-oldrel-macos-arm64, r-oldrel-macos-x86_64, r-oldrel-windows-x86_64
Version: 1.1.0
Check: for GNU extensions in Makefiles
Result: NOTE
GNU make is a SystemRequirements.
Flavors: r-release-macos-arm64, r-release-macos-x86_64, r-oldrel-macos-arm64, r-oldrel-macos-x86_64