Last updated on 2025-01-19 05:49:07 CET.
Flavor | Version | Tinstall | Tcheck | Ttotal | Status | Flags |
---|---|---|---|---|---|---|
r-devel-linux-x86_64-debian-clang | 0.2.3 | 4.79 | 83.80 | 88.59 | OK | |
r-devel-linux-x86_64-debian-gcc | 0.2.3 | 3.33 | 55.33 | 58.66 | OK | |
r-devel-linux-x86_64-fedora-clang | 0.2.3 | 146.97 | NOTE | |||
r-devel-linux-x86_64-fedora-gcc | 0.2.3 | 140.20 | NOTE | |||
r-devel-windows-x86_64 | 0.2.3 | 6.00 | 101.00 | 107.00 | OK | |
r-patched-linux-x86_64 | 0.2.3 | 4.54 | 80.51 | 85.05 | NOTE | |
r-release-linux-x86_64 | 0.2.3 | 3.63 | 79.70 | 83.33 | NOTE | |
r-release-macos-arm64 | 0.2.3 | 40.00 | NOTE | |||
r-release-macos-x86_64 | 0.2.3 | 60.00 | NOTE | |||
r-release-windows-x86_64 | 0.2.3 | 6.00 | 107.00 | 113.00 | NOTE | |
r-oldrel-macos-arm64 | 0.2.3 | 44.00 | NOTE | |||
r-oldrel-macos-x86_64 | 0.2.3 | 76.00 | NOTE | |||
r-oldrel-windows-x86_64 | 0.2.3 | 8.00 | 133.00 | 141.00 | NOTE |
Version: 0.2.3
Check: dependencies in R code
Result: NOTE
Namespaces in Imports field not imported from:
‘Rmisc’ ‘rlang’
All declared Imports should be used.
Flavors: r-devel-linux-x86_64-fedora-clang, r-devel-linux-x86_64-fedora-gcc
Version: 0.2.3
Check: LazyData
Result: NOTE
'LazyData' is specified without a 'data' directory
Flavors: r-patched-linux-x86_64, r-release-linux-x86_64, r-release-macos-arm64, r-release-macos-x86_64, r-release-windows-x86_64, r-oldrel-macos-arm64, r-oldrel-macos-x86_64, r-oldrel-windows-x86_64