Last updated on 2025-01-19 05:49:07 CET.
Flavor | Version | Tinstall | Tcheck | Ttotal | Status | Flags |
---|---|---|---|---|---|---|
r-devel-linux-x86_64-debian-clang | 1.3.0 | 436.55 | 25.29 | 461.84 | OK | |
r-devel-linux-x86_64-debian-gcc | 1.3.0 | 394.96 | 51.02 | 445.98 | OK | |
r-devel-linux-x86_64-fedora-clang | 1.3.0 | 748.43 | OK | |||
r-devel-linux-x86_64-fedora-gcc | 1.3.0 | 1151.52 | OK | |||
r-devel-windows-x86_64 | 1.3.0 | 418.00 | 111.00 | 529.00 | OK | |
r-patched-linux-x86_64 | 1.3.0 | 532.85 | 64.05 | 596.90 | OK | |
r-release-linux-x86_64 | 1.3.0 | 530.73 | 64.47 | 595.20 | OK | |
r-release-macos-arm64 | 1.3.0 | 223.00 | NOTE | |||
r-release-macos-x86_64 | 1.3.0 | 155.00 | NOTE | |||
r-release-windows-x86_64 | 1.3.0 | 413.00 | 99.00 | 512.00 | OK | |
r-oldrel-macos-arm64 | 1.3.0 | 211.00 | NOTE | |||
r-oldrel-macos-x86_64 | 1.3.0 | 228.00 | NOTE | |||
r-oldrel-windows-x86_64 | 1.3.0 | 504.00 | 118.00 | 622.00 | OK |
Version: 1.3.0
Check: installed package size
Result: NOTE
installed size is 162.9Mb
sub-directories of 1Mb or more:
libs 162.8Mb
Flavors: r-release-macos-arm64, r-release-macos-x86_64, r-oldrel-macos-arm64, r-oldrel-macos-x86_64