CRAN Package Check Results for Package EloRating

Last updated on 2020-02-23 12:47:18 CET.

Flavor Version Tinstall Tcheck Ttotal Status Flags
r-devel-linux-x86_64-debian-clang 0.46.10 65.40 489.76 555.16 ERROR
r-devel-linux-x86_64-debian-gcc 0.46.10 41.06 482.19 523.25 OK
r-devel-linux-x86_64-fedora-clang 0.46.10 891.27 OK
r-devel-linux-x86_64-fedora-gcc 0.46.10 808.65 OK
r-devel-windows-ix86+x86_64 0.46.10 104.00 732.00 836.00 OK
r-devel-windows-ix86+x86_64-gcc8 0.46.10 178.00 882.00 1060.00 OK
r-patched-linux-x86_64 0.46.10 OK
r-patched-solaris-x86 0.46.10 1121.30 OK
r-release-linux-x86_64 0.46.10 51.88 566.74 618.62 OK
r-release-windows-ix86+x86_64 0.46.10 120.00 717.00 837.00 OK
r-release-osx-x86_64 0.46.10 OK
r-oldrel-windows-ix86+x86_64 0.46.10 116.00 746.00 862.00 OK
r-oldrel-osx-x86_64 0.46.10 OK

Check Details

Version: 0.46.10
Check: examples
Result: ERROR
    Running examples in 'EloRating-Ex.R' failed
    The error most likely occurred in:
    
    > base::assign(".ptime", proc.time(), pos = "CheckExEnv")
    > ### Name: randomeloextract
    > ### Title: extract ratings from random sequences based on an interaction
    > ### matrix
    > ### Aliases: randomeloextract
    >
    > ### ** Examples
    >
    > data(adv)
    > SEQ <- elo.seq(winner=adv$winner, loser=adv$loser, Date=adv$Date)
    > mat <- creatematrix(SEQ)
    > res <- randomelo(mat, 10)
    > randomeloextract(res, "a", "samp")
    Error: selected ID is not in the matrix
    Execution halted
Flavor: r-devel-linux-x86_64-debian-clang

Version: 0.46.10
Check: re-building of vignette outputs
Result: WARN
    Error(s) in re-building vignettes:
     ...
    --- re-building 'EloRating_tutorial.Rmd' using rmarkdown
    Loading required package: zoo
    
    Attaching package: 'zoo'
    
    The following objects are masked from 'package:base':
    
     as.Date, as.Date.numeric
    
    Loading required package: sna
    Loading required package: statnet.common
    
    Attaching package: 'statnet.common'
    
    The following object is masked from 'package:base':
    
     order
    
    Loading required package: network
    network: Classes for Relational Data
    Version 1.16.0 created on 2019-11-30.
    copyright (c) 2005, Carter T. Butts, University of California-Irvine
     Mark S. Handcock, University of California -- Los Angeles
     David R. Hunter, Penn State University
     Martina Morris, University of Washington
     Skye Bender-deMoll, University of Washington
     For citation information, type citation("network").
     Type help("network-package") to get started.
    
    sna: Tools for Social Network Analysis
    Version 2.5 created on 2019-12-09.
    copyright (c) 2005, Carter T. Butts, University of California-Irvine
     For citation information, type citation("sna").
     Type help(package="sna") to get started.
    
    Quitting from lines 854-858 (EloRating_tutorial.Rmd)
    Error: processing vignette 'EloRating_tutorial.Rmd' failed with diagnostics:
    'x' and 'y' lengths differ
    --- failed re-building 'EloRating_tutorial.Rmd'
    
    SUMMARY: processing the following file failed:
     'EloRating_tutorial.Rmd'
    
    Error: Vignette re-building failed.
    Execution halted
Flavor: r-devel-linux-x86_64-debian-clang