CRAN Package Check Results for Package EloSteepness

Last updated on 2025-01-19 05:49:07 CET.

Flavor Version Tinstall Tcheck Ttotal Status Flags
r-devel-linux-x86_64-debian-clang 0.5.0 416.76 254.01 670.77 OK
r-devel-linux-x86_64-debian-gcc 0.5.0 401.18 215.57 616.75 OK
r-devel-linux-x86_64-fedora-clang 0.5.0 1054.44 OK
r-devel-linux-x86_64-fedora-gcc 0.5.0 1527.85 OK
r-devel-windows-x86_64 0.5.0 402.00 346.00 748.00 OK
r-patched-linux-x86_64 0.5.0 449.66 287.75 737.41 NOTE
r-release-linux-x86_64 0.5.0 523.02 289.30 812.32 NOTE
r-release-macos-arm64 0.5.0 265.00 NOTE
r-release-macos-x86_64 0.5.0 284.00 NOTE
r-release-windows-x86_64 0.5.0 406.00 348.00 754.00 NOTE
r-oldrel-macos-arm64 0.5.0 299.00 NOTE
r-oldrel-macos-x86_64 0.5.0 386.00 NOTE
r-oldrel-windows-x86_64 0.5.0 530.00 432.00 962.00 NOTE

Check Details

Version: 0.5.0
Check: for GNU extensions in Makefiles
Result: NOTE GNU make is a SystemRequirements. Flavors: r-patched-linux-x86_64, r-release-linux-x86_64, r-release-macos-arm64, r-release-macos-x86_64, r-release-windows-x86_64, r-oldrel-macos-arm64, r-oldrel-macos-x86_64, r-oldrel-windows-x86_64

Version: 0.5.0
Check: installed package size
Result: NOTE installed size is 85.5Mb sub-directories of 1Mb or more: libs 84.3Mb Flavors: r-release-macos-arm64, r-release-macos-x86_64, r-release-windows-x86_64, r-oldrel-macos-arm64, r-oldrel-macos-x86_64, r-oldrel-windows-x86_64