CRAN Package Check Results for Package EnsCat

Last updated on 2025-01-19 05:49:07 CET.

Flavor Version Tinstall Tcheck Ttotal Status Flags
r-devel-linux-x86_64-debian-clang 1.1 5.39 84.49 89.88 NOTE
r-devel-linux-x86_64-debian-gcc 1.1 4.66 60.15 64.81 NOTE
r-devel-linux-x86_64-fedora-clang 1.1 120.39 NOTE
r-devel-linux-x86_64-fedora-gcc 1.1 126.41 NOTE
r-devel-windows-x86_64 1.1 7.00 79.00 86.00 NOTE
r-patched-linux-x86_64 1.1 5.72 80.69 86.41 NOTE
r-release-linux-x86_64 1.1 5.41 83.13 88.54 NOTE
r-release-macos-arm64 1.1 46.00 NOTE
r-release-macos-x86_64 1.1 73.00 NOTE
r-release-windows-x86_64 1.1 7.00 81.00 88.00 NOTE
r-oldrel-macos-arm64 1.1 42.00 OK
r-oldrel-macos-x86_64 1.1 75.00 OK
r-oldrel-windows-x86_64 1.1 9.00 110.00 119.00 OK

Check Details

Version: 1.1
Check: Rd files
Result: NOTE checkRd: (-1) CTN.Rd:22: Lost braces; missing escapes or markup? 22 | less memory. Genetic data consists of nucleotide data {A,T,C,G} and are usually saved | ^ Flavors: r-devel-linux-x86_64-debian-clang, r-devel-linux-x86_64-debian-gcc, r-devel-linux-x86_64-fedora-clang, r-devel-linux-x86_64-fedora-gcc, r-devel-windows-x86_64, r-patched-linux-x86_64, r-release-linux-x86_64, r-release-macos-arm64, r-release-macos-x86_64, r-release-windows-x86_64