CRAN Package Check Results for Package EnsemblePenReg

Last updated on 2025-01-19 05:49:07 CET.

Flavor Version Tinstall Tcheck Ttotal Status Flags
r-devel-linux-x86_64-debian-clang 0.7 8.97 80.21 89.18 NOTE
r-devel-linux-x86_64-debian-gcc 0.7 7.41 59.27 66.68 NOTE
r-devel-linux-x86_64-fedora-clang 0.7 155.45 OK
r-devel-linux-x86_64-fedora-gcc 0.7 149.08 OK
r-devel-windows-x86_64 0.7 10.00 93.00 103.00 NOTE
r-patched-linux-x86_64 0.7 13.04 74.91 87.95 OK
r-release-linux-x86_64 0.7 9.35 74.07 83.42 OK
r-release-macos-arm64 0.7 43.00 OK
r-release-macos-x86_64 0.7 63.00 OK
r-release-windows-x86_64 0.7 10.00 92.00 102.00 OK
r-oldrel-macos-arm64 0.7 46.00 OK
r-oldrel-macos-x86_64 0.7 70.00 OK
r-oldrel-windows-x86_64 0.7 13.00 114.00 127.00 OK

Check Details

Version: 0.7
Check: Rd cross-references
Result: NOTE Found the following Rd file(s) with Rd \link{} targets missing package anchors: Regression.Integrator.PenReg.SelMin.Config-class.Rd: Regression.Integrator.Config-class Regression.Integrator.PenReg.SelMin.FitObj-class.Rd: Regression.Integrator.FitObj-class epenreg.Rd: Instance.List-class, Regression.CV.Batch.FitObj-class, Regression.Batch.FitObj-class epenreg.baselearner.control.Rd: rmse.error Please provide package anchors for all Rd \link{} targets not in the package itself and the base packages. Flavors: r-devel-linux-x86_64-debian-clang, r-devel-linux-x86_64-debian-gcc, r-devel-windows-x86_64