Last updated on 2025-01-19 05:49:07 CET.
Flavor | Version | Tinstall | Tcheck | Ttotal | Status | Flags |
---|---|---|---|---|---|---|
r-devel-linux-x86_64-debian-clang | 0.1.3 | 10.23 | 370.64 | 380.87 | NOTE | |
r-devel-linux-x86_64-debian-gcc | 0.1.3 | 7.75 | 223.01 | 230.76 | NOTE | |
r-devel-linux-x86_64-fedora-clang | 0.1.3 | 649.25 | NOTE | |||
r-devel-linux-x86_64-fedora-gcc | 0.1.3 | 611.59 | NOTE | |||
r-devel-windows-x86_64 | 0.1.3 | 11.00 | 380.00 | 391.00 | NOTE | |
r-patched-linux-x86_64 | 0.1.3 | 9.98 | 349.81 | 359.79 | NOTE | |
r-release-linux-x86_64 | 0.1.3 | 9.40 | 347.25 | 356.65 | NOTE | |
r-release-macos-arm64 | 0.1.3 | 142.00 | NOTE | |||
r-release-macos-x86_64 | 0.1.3 | 246.00 | NOTE | |||
r-release-windows-x86_64 | 0.1.3 | 12.00 | 382.00 | 394.00 | NOTE | |
r-oldrel-macos-arm64 | 0.1.3 | 151.00 | OK | |||
r-oldrel-macos-x86_64 | 0.1.3 | 258.00 | OK | |||
r-oldrel-windows-x86_64 | 0.1.3 | 13.00 | 520.00 | 533.00 | OK |
Version: 0.1.3
Check: Rd files
Result: NOTE
checkRd: (-1) metrics.Rd:124: Lost braces
124 | Avg = 0.5 (sum | P_i - Q_i| + max{ | P_i - Q_i |})
| ^
Flavors: r-devel-linux-x86_64-debian-clang, r-devel-linux-x86_64-debian-gcc, r-devel-linux-x86_64-fedora-clang, r-devel-linux-x86_64-fedora-gcc, r-devel-windows-x86_64, r-patched-linux-x86_64, r-release-linux-x86_64, r-release-macos-arm64, r-release-macos-x86_64, r-release-windows-x86_64