CRAN Package Check Results for Package EpiForsk

Last updated on 2025-01-19 05:49:07 CET.

Flavor Version Tinstall Tcheck Ttotal Status Flags
r-devel-linux-x86_64-debian-clang 0.1.1 15.99 132.43 148.42 NOTE
r-devel-linux-x86_64-debian-gcc 0.1.1 10.80 92.59 103.39 NOTE
r-devel-linux-x86_64-fedora-clang 0.1.1 241.96 OK
r-devel-linux-x86_64-fedora-gcc 0.1.1 253.16 OK
r-devel-windows-x86_64 0.1.1 15.00 133.00 148.00 NOTE
r-patched-linux-x86_64 0.1.1 20.52 123.00 143.52 OK
r-release-linux-x86_64 0.1.1 14.89 121.63 136.52 OK
r-release-macos-arm64 0.1.1 67.00 OK
r-release-macos-x86_64 0.1.1 103.00 OK
r-release-windows-x86_64 0.1.1 15.00 130.00 145.00 OK
r-oldrel-macos-arm64 0.1.1 73.00 OK
r-oldrel-macos-x86_64 0.1.1 146.00 OK
r-oldrel-windows-x86_64 0.1.1 20.00 167.00 187.00 OK

Check Details

Version: 0.1.1
Check: Rd cross-references
Result: NOTE Found the following Rd file(s) with Rd \link{} targets missing package anchors: DiscreteCovariatesToOneHot.Rd: dplyr_tidy_select charlson_score.Rd: dplyr_data_masking flatten_date_intervals.Rd: dplyr_tidy_select, dplyr_data_masking lms.Rd: dplyr_data_masking Please provide package anchors for all Rd \link{} targets not in the package itself and the base packages. Flavors: r-devel-linux-x86_64-debian-clang, r-devel-linux-x86_64-debian-gcc, r-devel-windows-x86_64