Last updated on 2024-03-28 14:48:28 CET.
Flavor | Version | Tinstall | Tcheck | Ttotal | Status | Flags |
---|---|---|---|---|---|---|
r-devel-linux-x86_64-debian-clang | 1.1.7 | 36.78 | 86.85 | 123.63 | OK | |
r-devel-linux-x86_64-debian-gcc | 1.1.7 | 31.34 | 56.30 | 87.64 | OK | |
r-devel-linux-x86_64-fedora-clang | 1.1.7 | 154.06 | NOTE | |||
r-devel-linux-x86_64-fedora-gcc | 1.1.7 | 153.74 | OK | |||
r-devel-windows-x86_64 | 1.1.7 | 31.00 | 78.00 | 109.00 | OK | |
r-patched-linux-x86_64 | 1.1.7 | 37.59 | 73.58 | 111.17 | OK | |
r-release-linux-x86_64 | 1.1.7 | 31.99 | 74.97 | 106.96 | OK | |
r-release-macos-arm64 | 1.1.7 | 47.00 | OK | |||
r-release-macos-x86_64 | 1.1.7 | 73.00 | OK | |||
r-release-windows-x86_64 | 1.1.7 | 38.00 | 88.00 | 126.00 | OK | |
r-oldrel-macos-arm64 | 1.1.7 | 56.00 | OK | |||
r-oldrel-windows-x86_64 | 1.1.7 | 37.00 | 91.00 | 128.00 | OK |
Version: 1.1.7
Check: installed package size
Result: NOTE
installed size is 5.2Mb
sub-directories of 1Mb or more:
libs 4.7Mb
Flavor: r-devel-linux-x86_64-fedora-clang