CRAN Package Check Results for Package EpiReport

Last updated on 2020-10-28 11:49:45 CET.

Flavor Version Tinstall Tcheck Ttotal Status Flags
r-devel-linux-x86_64-debian-clang 0.1.1 4.83 65.98 70.81 OK
r-devel-linux-x86_64-debian-gcc 0.1.1 4.34 50.39 54.73 OK
r-devel-linux-x86_64-fedora-clang 0.1.1 93.34 NOTE
r-devel-linux-x86_64-fedora-gcc 0.1.1 92.48 NOTE
r-devel-windows-ix86+x86_64 0.1.1 10.00 86.00 96.00 OK
r-patched-linux-x86_64 0.1.1 OK
r-patched-solaris-x86 0.1.1 134.40 NOTE
r-release-linux-x86_64 0.1.1 5.94 62.92 68.86 OK
r-release-macos-x86_64 0.1.1 NOTE
r-release-windows-ix86+x86_64 0.1.1 8.00 70.00 78.00 OK
r-oldrel-macos-x86_64 0.1.1 NOTE
r-oldrel-windows-ix86+x86_64 0.1.1 8.00 88.00 96.00 OK

Check Details

Version: 0.1.1
Check: dependencies in R code
Result: NOTE
    Namespaces in Imports field not imported from:
     ‘extrafont’ ‘graphics’ ‘knitr’ ‘rmarkdown’ ‘utils’
     All declared Imports should be used.
Flavors: r-devel-linux-x86_64-fedora-clang, r-devel-linux-x86_64-fedora-gcc, r-patched-solaris-x86, r-release-macos-x86_64, r-oldrel-macos-x86_64