CRAN Package Check Results for Package EquiSurv

Last updated on 2025-01-19 05:49:07 CET.

Flavor Version Tinstall Tcheck Ttotal Status Flags
r-devel-linux-x86_64-debian-clang 0.1.0 7.13 82.50 89.63 OK
r-devel-linux-x86_64-debian-gcc 0.1.0 4.95 55.85 60.80 OK
r-devel-linux-x86_64-fedora-clang 0.1.0 145.38 OK
r-devel-linux-x86_64-fedora-gcc 0.1.0 135.67 OK
r-devel-windows-x86_64 0.1.0 7.00 89.00 96.00 OK
r-patched-linux-x86_64 0.1.0 6.83 79.37 86.20 NOTE
r-release-linux-x86_64 0.1.0 6.17 78.87 85.04 NOTE
r-release-macos-arm64 0.1.0 37.00 NOTE
r-release-macos-x86_64 0.1.0 64.00 NOTE
r-release-windows-x86_64 0.1.0 6.00 91.00 97.00 NOTE
r-oldrel-macos-arm64 0.1.0 43.00 NOTE
r-oldrel-macos-x86_64 0.1.0 73.00 NOTE
r-oldrel-windows-x86_64 0.1.0 8.00 114.00 122.00 NOTE

Check Details

Version: 0.1.0
Check: LazyData
Result: NOTE 'LazyData' is specified without a 'data' directory Flavors: r-patched-linux-x86_64, r-release-linux-x86_64, r-release-macos-arm64, r-release-macos-x86_64, r-release-windows-x86_64, r-oldrel-macos-arm64, r-oldrel-macos-x86_64, r-oldrel-windows-x86_64