CRAN Package Check Results for Package EstimateGroupNetwork

Last updated on 2025-01-19 05:49:08 CET.

Flavor Version Tinstall Tcheck Ttotal Status Flags
r-devel-linux-x86_64-debian-clang 0.3.1 13.34 92.63 105.97 OK
r-devel-linux-x86_64-debian-gcc 0.3.1 9.28 67.43 76.71 OK
r-devel-linux-x86_64-fedora-clang 0.3.1 167.93 OK
r-devel-linux-x86_64-fedora-gcc 0.3.1 152.90 OK
r-devel-windows-x86_64 0.3.1 13.00 95.00 108.00 OK
r-patched-linux-x86_64 0.3.1 12.15 84.30 96.45 NOTE
r-release-linux-x86_64 0.3.1 8.52 83.78 92.30 NOTE
r-release-macos-arm64 0.3.1 49.00 NOTE
r-release-macos-x86_64 0.3.1 69.00 NOTE
r-release-windows-x86_64 0.3.1 13.00 93.00 106.00 NOTE
r-oldrel-macos-arm64 0.3.1 45.00 NOTE
r-oldrel-macos-x86_64 0.3.1 83.00 NOTE
r-oldrel-windows-x86_64 0.3.1 17.00 118.00 135.00 NOTE

Check Details

Version: 0.3.1
Check: LazyData
Result: NOTE 'LazyData' is specified without a 'data' directory Flavors: r-patched-linux-x86_64, r-release-linux-x86_64, r-release-macos-arm64, r-release-macos-x86_64, r-release-windows-x86_64, r-oldrel-macos-arm64, r-oldrel-macos-x86_64, r-oldrel-windows-x86_64