Last updated on 2025-01-19 05:49:08 CET.
Flavor | Version | Tinstall | Tcheck | Ttotal | Status | Flags |
---|---|---|---|---|---|---|
r-devel-linux-x86_64-debian-clang | 3.0.2 | 14.48 | 43.16 | 57.64 | OK | |
r-devel-linux-x86_64-debian-gcc | 3.0.2 | 8.62 | 32.31 | 40.93 | OK | |
r-devel-linux-x86_64-fedora-clang | 3.0.2 | 97.06 | OK | |||
r-devel-linux-x86_64-fedora-gcc | 3.0.2 | 116.80 | OK | |||
r-devel-windows-x86_64 | 3.0.2 | 16.00 | 73.00 | 89.00 | OK | |
r-patched-linux-x86_64 | 3.0.2 | 13.54 | 39.82 | 53.36 | OK | |
r-release-linux-x86_64 | 3.0.2 | 12.75 | 39.51 | 52.26 | OK | |
r-release-macos-arm64 | 3.0.2 | 46.00 | OK | |||
r-release-macos-x86_64 | 3.0.2 | 130.00 | OK | |||
r-release-windows-x86_64 | 3.0.2 | 17.00 | 73.00 | 90.00 | NOTE | |
r-oldrel-macos-arm64 | 3.0.2 | 43.00 | OK | |||
r-oldrel-macos-x86_64 | 3.0.2 | 63.00 | OK | |||
r-oldrel-windows-x86_64 | 3.0.2 | 20.00 | 86.00 | 106.00 | NOTE |
Version: 3.0.2
Check: installed package size
Result: NOTE
installed size is 5.1Mb
sub-directories of 1Mb or more:
extdata 4.0Mb
Flavors: r-release-windows-x86_64, r-oldrel-windows-x86_64