CRAN Package Check Results for Package EventPredInCure

Last updated on 2025-01-19 05:49:08 CET.

Flavor Version Tinstall Tcheck Ttotal Status Flags
r-devel-linux-x86_64-debian-clang 1.0 21.91 126.86 148.77 OK
r-devel-linux-x86_64-debian-gcc 1.0 13.73 84.75 98.48 OK
r-devel-linux-x86_64-fedora-clang 1.0 241.78 NOTE
r-devel-linux-x86_64-fedora-gcc 1.0 221.54 NOTE
r-devel-windows-x86_64 1.0 20.00 123.00 143.00 OK
r-patched-linux-x86_64 1.0 18.90 114.59 133.49 OK
r-release-linux-x86_64 1.0 21.21 115.40 136.61 OK
r-release-macos-arm64 1.0 61.00 OK
r-release-macos-x86_64 1.0 98.00 OK
r-release-windows-x86_64 1.0 21.00 120.00 141.00 OK
r-oldrel-macos-arm64 1.0 65.00 OK
r-oldrel-macos-x86_64 1.0 135.00 OK
r-oldrel-windows-x86_64 1.0 28.00 158.00 186.00 OK

Check Details

Version: 1.0
Check: dependencies in R code
Result: NOTE Namespaces in Imports field not imported from: ‘KMsurv’ ‘MLEcens’ ‘lubridate’ ‘msm’ ‘perm’ All declared Imports should be used. Flavors: r-devel-linux-x86_64-fedora-clang, r-devel-linux-x86_64-fedora-gcc