CRAN Package Check Results for Package Exact

Last updated on 2025-01-19 05:49:08 CET.

Flavor Version Tinstall Tcheck Ttotal Status Flags
r-devel-linux-x86_64-debian-clang 3.3 5.32 34.20 39.52 OK
r-devel-linux-x86_64-debian-gcc 3.3 3.16 23.53 26.69 OK
r-devel-linux-x86_64-fedora-clang 3.3 65.87 OK
r-devel-linux-x86_64-fedora-gcc 3.3 59.63 OK
r-devel-windows-x86_64 3.3 6.00 51.00 57.00 OK
r-patched-linux-x86_64 3.3 4.06 31.88 35.94 NOTE
r-release-linux-x86_64 3.3 4.32 31.89 36.21 NOTE
r-release-macos-arm64 3.3 31.00 NOTE
r-release-macos-x86_64 3.3 76.00 NOTE
r-release-windows-x86_64 3.3 12.00 54.00 66.00 NOTE
r-oldrel-macos-arm64 3.3 26.00 NOTE
r-oldrel-macos-x86_64 3.3 54.00 NOTE
r-oldrel-windows-x86_64 3.3 7.00 49.00 56.00 NOTE

Check Details

Version: 3.3
Check: package dependencies
Result: NOTE Package suggested but not available for checking: ‘ExactData’ Flavors: r-patched-linux-x86_64, r-release-linux-x86_64, r-release-macos-arm64, r-release-macos-x86_64, r-release-windows-x86_64, r-oldrel-macos-arm64, r-oldrel-macos-x86_64, r-oldrel-windows-x86_64