Last updated on 2025-01-19 05:49:08 CET.
Flavor | Version | Tinstall | Tcheck | Ttotal | Status | Flags |
---|---|---|---|---|---|---|
r-devel-linux-x86_64-debian-clang | 1.0.1 | 33.11 | 23.61 | 56.72 | NOTE | |
r-devel-linux-x86_64-debian-gcc | 1.0.1 | 23.51 | 19.06 | 42.57 | NOTE | |
r-devel-linux-x86_64-fedora-clang | 1.0.1 | 116.97 | NOTE | |||
r-devel-linux-x86_64-fedora-gcc | 1.0.1 | 111.10 | NOTE | |||
r-devel-windows-x86_64 | 1.0.1 | 40.00 | 62.00 | 102.00 | NOTE | |
r-patched-linux-x86_64 | 1.0.1 | 33.00 | 22.25 | 55.25 | NOTE | |
r-release-linux-x86_64 | 1.0.1 | 31.65 | 22.54 | 54.19 | NOTE | |
r-release-macos-arm64 | 1.0.1 | 31.00 | NOTE | |||
r-release-macos-x86_64 | 1.0.1 | 44.00 | NOTE | |||
r-release-windows-x86_64 | 1.0.1 | 40.00 | 59.00 | 99.00 | NOTE | |
r-oldrel-macos-arm64 | 1.0.1 | 34.00 | NOTE | |||
r-oldrel-macos-x86_64 | 1.0.1 | 56.00 | NOTE | |||
r-oldrel-windows-x86_64 | 1.0.1 | 45.00 | 71.00 | 116.00 | NOTE |
Version: 1.0.1
Check: C++ specification
Result: NOTE
Specified C++11: please drop specification unless essential
Flavors: r-devel-linux-x86_64-debian-clang, r-devel-linux-x86_64-debian-gcc, r-devel-linux-x86_64-fedora-clang, r-devel-linux-x86_64-fedora-gcc, r-devel-windows-x86_64, r-patched-linux-x86_64, r-release-linux-x86_64, r-release-macos-arm64, r-release-macos-x86_64, r-release-windows-x86_64, r-oldrel-macos-arm64, r-oldrel-macos-x86_64, r-oldrel-windows-x86_64