CRAN Package Check Results for Package ExpertChoice

Last updated on 2025-01-19 05:49:08 CET.

Flavor Version Tinstall Tcheck Ttotal Status Flags
r-devel-linux-x86_64-debian-clang 0.2.0 2.19 44.61 46.80 OK
r-devel-linux-x86_64-debian-gcc 0.2.0 1.61 32.87 34.48 OK
r-devel-linux-x86_64-fedora-clang 0.2.0 77.23 OK
r-devel-linux-x86_64-fedora-gcc 0.2.0 89.29 OK
r-devel-windows-x86_64 0.2.0 4.00 76.00 80.00 OK
r-patched-linux-x86_64 0.2.0 2.02 43.42 45.44 NOTE
r-release-linux-x86_64 0.2.0 1.73 43.74 45.47 NOTE
r-release-macos-arm64 0.2.0 31.00 NOTE
r-release-macos-x86_64 0.2.0 52.00 NOTE
r-release-windows-x86_64 0.2.0 5.00 77.00 82.00 NOTE
r-oldrel-macos-arm64 0.2.0 35.00 NOTE
r-oldrel-macos-x86_64 0.2.0 55.00 NOTE
r-oldrel-windows-x86_64 0.2.0 4.00 79.00 83.00 NOTE

Check Details

Version: 0.2.0
Check: LazyData
Result: NOTE 'LazyData' is specified without a 'data' directory Flavors: r-patched-linux-x86_64, r-release-linux-x86_64, r-release-macos-arm64, r-release-macos-x86_64, r-release-windows-x86_64, r-oldrel-macos-arm64, r-oldrel-macos-x86_64, r-oldrel-windows-x86_64