Last updated on 2025-10-13 14:49:47 CEST.
| Flavor | Version | Tinstall | Tcheck | Ttotal | Status | Flags | 
|---|---|---|---|---|---|---|
| r-devel-linux-x86_64-debian-clang | 9.1.6 | 25.81 | 228.41 | 254.22 | NOTE | |
| r-devel-linux-x86_64-debian-gcc | 9.1.6 | 19.05 | 146.77 | 165.82 | NOTE | |
| r-devel-linux-x86_64-fedora-clang | 9.1.6 | 400.37 | OK | |||
| r-devel-linux-x86_64-fedora-gcc | 9.1.6 | 385.80 | OK | |||
| r-devel-windows-x86_64 | 9.1.6 | 23.00 | 169.00 | 192.00 | OK | |
| r-patched-linux-x86_64 | 9.1.6 | 25.44 | 217.33 | 242.77 | OK | |
| r-release-linux-x86_64 | 9.1.6 | 26.12 | 217.78 | 243.90 | OK | |
| r-release-macos-arm64 | 9.1.6 | 84.00 | OK | |||
| r-release-macos-x86_64 | 9.1.6 | 185.00 | OK | |||
| r-release-windows-x86_64 | 9.1.6 | 24.00 | 171.00 | 195.00 | OK | |
| r-oldrel-macos-arm64 | 9.1.6 | 77.00 | OK | |||
| r-oldrel-macos-x86_64 | 9.1.6 | 132.00 | OK | |||
| r-oldrel-windows-x86_64 | 9.1.6 | 34.00 | 234.00 | 268.00 | OK | 
Version: 9.1.6
Check: CRAN incoming feasibility
Result: NOTE
  Maintainer: ‘Subhadip Datta <subhadipdatta007@gmail.com>’
  
  No Authors@R field in DESCRIPTION.
  Please add one, modifying
    Authors@R: c(person(given = "Suhadip",
                        family = "Datta",
                        role = "aut"),
                 person(given = "Subhadip",
                        family = "Datta",
                        role = "cre",
                        email = "subhadipdatta007@gmail.com"))
  as necessary.
Flavors: r-devel-linux-x86_64-debian-clang, r-devel-linux-x86_64-debian-gcc